{"id":552,"date":"2024-01-17T14:06:56","date_gmt":"2024-01-17T13:06:56","guid":{"rendered":"https:\/\/donesdeciencia.webs.upv.es\/cientifiques\/concepcio-aleixandre\/"},"modified":"2024-08-07T15:31:32","modified_gmt":"2024-08-07T13:31:32","slug":"concepcio-aleixandre","status":"publish","type":"cientifiques","link":"https:\/\/donesdeciencia.webs.upv.es\/es\/cientifiques\/concepcio-aleixandre\/","title":{"rendered":"Concepci\u00f3 Aleixandre"},"content":{"rendered":"\n<div class=\"wp-block-columns is-layout-flex wp-container-core-columns-is-layout-9d6595d7 wp-block-columns-is-layout-flex\">\n<div class=\"wp-block-column is-layout-flow wp-block-column-is-layout-flow\">\n<div class=\"wp-block-columns are-vertically-aligned-center is-layout-flex wp-container-core-columns-is-layout-9d6595d7 wp-block-columns-is-layout-flex\">\n<div class=\"wp-block-column is-vertically-aligned-center is-layout-flow wp-block-column-is-layout-flow\" style=\"flex-basis:33.33%\">\n<p class=\"has-text-align-center\" id=\"playaudio\"><strong><a href=\"#\" rel=\"nofollow\">\u00c0udio descripci\u00f3<\/a><\/strong><\/p>\n<\/div>\n\n\n\n<div class=\"wp-block-column is-vertically-aligned-center is-layout-flow wp-block-column-is-layout-flow\" style=\"flex-basis:66.66%\">\n<figure class=\"wp-block-audio\"><audio controls src=\"https:\/\/donesdeciencia.webs.upv.es\/wp-content\/uploads\/2024\/01\/CONCEPCION-ALEIXANDRE-AD.mp3\"><\/audio><\/figure>\n<\/div>\n<\/div>\n\n\n\n<figure class=\"wp-block-image size-large\"><img loading=\"lazy\" decoding=\"async\" width=\"1024\" height=\"681\" src=\"https:\/\/donesdeciencia.webs.upv.es\/wp-content\/uploads\/2024\/01\/concepcio_aleixandre_p2-1024x681.jpg\" alt=\"\" class=\"wp-image-189\" srcset=\"https:\/\/donesdeciencia.webs.upv.es\/wp-content\/uploads\/2024\/01\/concepcio_aleixandre_p2-1024x681.jpg 1024w, https:\/\/donesdeciencia.webs.upv.es\/wp-content\/uploads\/2024\/01\/concepcio_aleixandre_p2-300x199.jpg 300w, https:\/\/donesdeciencia.webs.upv.es\/wp-content\/uploads\/2024\/01\/concepcio_aleixandre_p2-768x511.jpg 768w, https:\/\/donesdeciencia.webs.upv.es\/wp-content\/uploads\/2024\/01\/concepcio_aleixandre_p2-1536x1021.jpg 1536w, https:\/\/donesdeciencia.webs.upv.es\/wp-content\/uploads\/2024\/01\/concepcio_aleixandre_p2.jpg 1719w\" sizes=\"auto, (max-width: 1024px) 100vw, 1024px\" \/><\/figure>\n\n\n\n<figure class=\"wp-block-video\"><video height=\"1080\" style=\"aspect-ratio: 1920 \/ 1080;\" width=\"1920\" controls src=\"https:\/\/donesdeciencia.webs.upv.es\/wp-content\/uploads\/2024\/01\/2020-12-17-ciencia-accesible-64120.mp4\"><\/video><\/figure>\n\n\n\n<figure class=\"wp-block-embed is-type-video is-provider-youtube wp-block-embed-youtube wp-embed-aspect-16-9 wp-has-aspect-ratio\"><div class=\"wp-block-embed__wrapper\">\n<iframe loading=\"lazy\" title=\"Dones de ci\u00e8ncia: Concepci\u00f3n Aleixandre (lengua de signos)\" width=\"500\" height=\"281\" src=\"https:\/\/www.youtube.com\/embed\/KOO3qPCIMBk?list=PLEXWGQ5mFUj8WNUOGN_6piJvuIjNC4sUS\" frameborder=\"0\" allow=\"accelerometer; autoplay; clipboard-write; encrypted-media; gyroscope; picture-in-picture; web-share\" referrerpolicy=\"strict-origin-when-cross-origin\" allowfullscreen><\/iframe>\n<\/div><\/figure>\n<\/div>\n\n\n\n<div class=\"wp-block-column is-layout-flow wp-block-column-is-layout-flow\">\n<p>Gracias a su formaci\u00f3n en medicina y en pedagog\u00eda, Concepci\u00f3 Aleixandre fue pionera en el campo de la salud p\u00fablica, donde ejerci\u00f3 una medicina social centrada a concienciar las mujeres sobre la importancia de la educaci\u00f3n en materia de higiene desde la ni\u00f1ez.<\/p>\n\n\n\n<p>Nacida en Val\u00e8ncia en 1862, consigui\u00f3 ser una de las primeras mujeres espa\u00f1olas licenciadas en Medicina, y especializada en ginecolog\u00eda, en la Universitat de Val\u00e8ncia. Y lo hizo con un expediente brillante. El suyo fue uno de los pocos casos excepcionales de la \u00e9poca, puesto que necesit\u00f3 una autorizaci\u00f3n especial del gobierno para poder estudiar en la universidad, donde conocer\u00eda su gran compa\u00f1era Manuela Sol\u00eds, otra pionera de la medicina valenciana. Para el acceso en la educaci\u00f3n superior en igualdad de condiciones para mujeres y hombres hizo falta una orden real firmada por Alfonso XIII el 1910. A lo largo de su carrera public\u00f3 sus investigaciones cient\u00edficas con regularidad, fue m\u00e9dica titular en el Hospital de la Princesa de Madrid y ejerci\u00f3 como doctora en la Beneficencia Provincial de la Casa de Maternidad y Borderia. Adem\u00e1s, abri\u00f3 varias consultas privadas en las cuales cobraba a las pacientes en funci\u00f3n de su capacidad econ\u00f3mica y atend\u00eda gratuitamente las personas sin recursos.<\/p>\n\n\n\n<p>Sus trabajos en el campo de la investigaci\u00f3n la llevaron a patentar el 1910 dos sistemas para corregir el descenso de la matriz. Se trataba de dos pesarios met\u00e1licos en forma de anillos el objetivo de los cuales era la sujeci\u00f3n de los \u00f3rganos p\u00e9lvicos. La patente nunca lleg\u00f3 a ponerse en pr\u00e1ctica, pero sin duda fue fundamental para descubrimientos posteriores.<\/p>\n\n\n\n<p>Junto con la medicina y la divulgaci\u00f3n, el tercer pilar de su vida fue la lucha por la igualdad entre hombres y mujeres. Aleixandre fue miembro de no pocas sociedades exclusivamente femeninas y mantuvo un f\u00e9rreo compromiso con los avances de los derechos de las mujeres durante toda su vida. Se la considera la impulsora de la primera manifestaci\u00f3n feminista en Espa\u00f1a, el 1921, y fue socia fundadora del Lyceum Club Femenino Espa\u00f1ol.<\/p>\n\n\n\n<p>Concepci\u00f3 Aleixandre, considerada como una de las pioneras de la ginecolog\u00eda en Espa\u00f1a, muri\u00f3 el 1952 en Valencia a los 90 a\u00f1os.<\/p>\n<\/div>\n<\/div>\n\n\n\n<hr class=\"wp-block-separator has-alpha-channel-opacity is-style-wide\"\/>\n\n\n\n<div class=\"wp-block-columns is-layout-flex wp-container-core-columns-is-layout-9d6595d7 wp-block-columns-is-layout-flex\">\n<div class=\"wp-block-column is-layout-flow wp-block-column-is-layout-flow\" style=\"flex-basis:25%\"><\/div>\n\n\n\n<div class=\"wp-block-column is-layout-flow wp-block-column-is-layout-flow\" style=\"flex-basis:50%\">\n<div class=\"wp-block-group text-center has-blaubg-background-color has-background is-layout-constrained wp-block-group-is-layout-constrained\">\n<h2 class=\"wp-block-heading has-medium-font-size\">Artista: Virginia Bersab\u00e9<\/h2>\n\n\n\n<p>Ubicaci\u00f3n: CEIP Rodr\u00edguez Forn\u00f3s. Calle Mare de D\u00e9u de la Cabez, 26 (Valencia)<\/p>\n\n\n\n<p><a href=\"https:\/\/donesdeciencia.webs.upv.es\/index.html#planol\">Plano<\/a><\/p>\n\n\n\n<p><strong>EMT<\/strong> L\u00edneas: 72, 73<\/p>\n<\/div>\n<\/div>\n\n\n\n<div class=\"wp-block-column is-layout-flow wp-block-column-is-layout-flow\" style=\"flex-basis:25%\"><\/div>\n<\/div>\n\n\n\n<hr class=\"wp-block-separator has-alpha-channel-opacity is-style-wide\"\/>\n","protected":false},"featured_media":416,"menu_order":0,"template":"","class_list":["post-552","cientifiques","type-cientifiques","status-publish","has-post-thumbnail","hentry"],"acf":[],"_links":{"self":[{"href":"https:\/\/donesdeciencia.webs.upv.es\/es\/wp-json\/wp\/v2\/cientifiques\/552","targetHints":{"allow":["GET"]}}],"collection":[{"href":"https:\/\/donesdeciencia.webs.upv.es\/es\/wp-json\/wp\/v2\/cientifiques"}],"about":[{"href":"https:\/\/donesdeciencia.webs.upv.es\/es\/wp-json\/wp\/v2\/types\/cientifiques"}],"wp:featuredmedia":[{"embeddable":true,"href":"https:\/\/donesdeciencia.webs.upv.es\/es\/wp-json\/wp\/v2\/media\/416"}],"wp:attachment":[{"href":"https:\/\/donesdeciencia.webs.upv.es\/es\/wp-json\/wp\/v2\/media?parent=552"}],"curies":[{"name":"wp","href":"https:\/\/api.w.org\/{rel}","templated":true}]}}

Concepció Aleixandre

<div class="wp-block-columns is-layout-flex wp-container-core-columns-is-layout-9d6595d7 wp-block-columns-is-layout-flex">
<div class="wp-block-column is-layout-flow wp-block-column-is-layout-flow">
<div class="wp-block-columns are-vertically-aligned-center is-layout-flex wp-container-core-columns-is-layout-9d6595d7 wp-block-columns-is-layout-flex">
<div class="wp-block-column is-vertically-aligned-center is-layout-flow wp-block-column-is-layout-flow" style="flex-basis:33.33%">
<p class="has-text-align-center" id="playaudio"><strong><a href="#" rel="nofollow">Àudio descripció</a></strong></p>
</div>



<div class="wp-block-column is-vertically-aligned-center is-layout-flow wp-block-column-is-layout-flow" style="flex-basis:66.66%">
<figure class="wp-block-audio"><audio controls src="https://donesdeciencia.webs.upv.es/wp-content/uploads/2024/01/CONCEPCION-ALEIXANDRE-AD.mp3"></audio></figure>
</div>
</div>



<figure class="wp-block-image size-large"><img loading="lazy" decoding="async" width="1024" height="681" src="https://donesdeciencia.webs.upv.es/wp-content/uploads/2024/01/concepcio_aleixandre_p2-1024x681.jpg" alt="" class="wp-image-189" srcset="https://donesdeciencia.webs.upv.es/wp-content/uploads/2024/01/concepcio_aleixandre_p2-1024x681.jpg 1024w, https://donesdeciencia.webs.upv.es/wp-content/uploads/2024/01/concepcio_aleixandre_p2-300x199.jpg 300w, https://donesdeciencia.webs.upv.es/wp-content/uploads/2024/01/concepcio_aleixandre_p2-768x511.jpg 768w, https://donesdeciencia.webs.upv.es/wp-content/uploads/2024/01/concepcio_aleixandre_p2-1536x1021.jpg 1536w, https://donesdeciencia.webs.upv.es/wp-content/uploads/2024/01/concepcio_aleixandre_p2.jpg 1719w" sizes="auto, (max-width: 1024px) 100vw, 1024px" /></figure>



<figure class="wp-block-video"><video height="1080" style="aspect-ratio: 1920 / 1080;" width="1920" controls src="https://donesdeciencia.webs.upv.es/wp-content/uploads/2024/01/2020-12-17-ciencia-accesible-64120.mp4"></video></figure>



<figure class="wp-block-embed is-type-video is-provider-youtube wp-block-embed-youtube wp-embed-aspect-16-9 wp-has-aspect-ratio"><div class="wp-block-embed__wrapper">
<iframe loading="lazy" title="Dones de ciència: Concepción Aleixandre (lengua de signos)" width="500" height="281" src="https://www.youtube.com/embed/KOO3qPCIMBk?list=PLEXWGQ5mFUj8WNUOGN_6piJvuIjNC4sUS" frameborder="0" allow="accelerometer; autoplay; clipboard-write; encrypted-media; gyroscope; picture-in-picture; web-share" referrerpolicy="strict-origin-when-cross-origin" allowfullscreen></iframe>
</div></figure>
</div>



<div class="wp-block-column is-layout-flow wp-block-column-is-layout-flow">
<p>Gracias a su formación en medicina y en pedagogía, Concepció Aleixandre fue pionera en el campo de la salud pública, donde ejerció una medicina social centrada a concienciar las mujeres sobre la importancia de la educación en materia de higiene desde la niñez.</p>



<p>Nacida en València en 1862, consiguió ser una de las primeras mujeres españolas licenciadas en Medicina, y especializada en ginecología, en la Universitat de València. Y lo hizo con un expediente brillante. El suyo fue uno de los pocos casos excepcionales de la época, puesto que necesitó una autorización especial del gobierno para poder estudiar en la universidad, donde conocería su gran compañera Manuela Solís, otra pionera de la medicina valenciana. Para el acceso en la educación superior en igualdad de condiciones para mujeres y hombres hizo falta una orden real firmada por Alfonso XIII el 1910. A lo largo de su carrera publicó sus investigaciones científicas con regularidad, fue médica titular en el Hospital de la Princesa de Madrid y ejerció como doctora en la Beneficencia Provincial de la Casa de Maternidad y Borderia. Además, abrió varias consultas privadas en las cuales cobraba a las pacientes en función de su capacidad económica y atendía gratuitamente las personas sin recursos.</p>



<p>Sus trabajos en el campo de la investigación la llevaron a patentar el 1910 dos sistemas para corregir el descenso de la matriz. Se trataba de dos pesarios metálicos en forma de anillos el objetivo de los cuales era la sujeción de los órganos pélvicos. La patente nunca llegó a ponerse en práctica, pero sin duda fue fundamental para descubrimientos posteriores.</p>



<p>Junto con la medicina y la divulgación, el tercer pilar de su vida fue la lucha por la igualdad entre hombres y mujeres. Aleixandre fue miembro de no pocas sociedades exclusivamente femeninas y mantuvo un férreo compromiso con los avances de los derechos de las mujeres durante toda su vida. Se la considera la impulsora de la primera manifestación feminista en España, el 1921, y fue socia fundadora del Lyceum Club Femenino Español.</p>



<p>Concepció Aleixandre, considerada como una de las pioneras de la ginecología en España, murió el 1952 en Valencia a los 90 años.</p>
</div>
</div>



<hr class="wp-block-separator has-alpha-channel-opacity is-style-wide"/>



<div class="wp-block-columns is-layout-flex wp-container-core-columns-is-layout-9d6595d7 wp-block-columns-is-layout-flex">
<div class="wp-block-column is-layout-flow wp-block-column-is-layout-flow" style="flex-basis:25%"></div>



<div class="wp-block-column is-layout-flow wp-block-column-is-layout-flow" style="flex-basis:50%">
<div class="wp-block-group text-center has-blaubg-background-color has-background is-layout-constrained wp-block-group-is-layout-constrained">
<h2 class="wp-block-heading has-medium-font-size">Artista: Virginia Bersabé</h2>



<p>Ubicación: CEIP Rodríguez Fornós. Calle Mare de Déu de la Cabez, 26 (Valencia)</p>



<p><a href="https://donesdeciencia.webs.upv.es/index.html#planol">Plano</a></p>



<p><strong>EMT</strong> Líneas: 72, 73</p>
</div>
</div>



<div class="wp-block-column is-layout-flow wp-block-column-is-layout-flow" style="flex-basis:25%"></div>
</div>



<hr class="wp-block-separator has-alpha-channel-opacity is-style-wide"/>
