{"id":548,"date":"2024-01-17T14:48:58","date_gmt":"2024-01-17T13:48:58","guid":{"rendered":"https:\/\/donesdeciencia.webs.upv.es\/cientifiques\/nuria-oliver\/"},"modified":"2024-08-07T15:21:05","modified_gmt":"2024-08-07T13:21:05","slug":"nuria-oliver","status":"publish","type":"cientifiques","link":"https:\/\/donesdeciencia.webs.upv.es\/es\/cientifiques\/nuria-oliver\/","title":{"rendered":"Nuria Oliver"},"content":{"rendered":"\n<div class=\"wp-block-columns is-layout-flex wp-container-core-columns-is-layout-9d6595d7 wp-block-columns-is-layout-flex\">\n<div class=\"wp-block-column is-layout-flow wp-block-column-is-layout-flow\">\n<div class=\"wp-block-columns are-vertically-aligned-center is-layout-flex wp-container-core-columns-is-layout-9d6595d7 wp-block-columns-is-layout-flex\">\n<div class=\"wp-block-column is-vertically-aligned-center is-layout-flow wp-block-column-is-layout-flow\" style=\"flex-basis:33.33%\">\n<p class=\"has-text-align-center\" id=\"playaudio\"><strong><a href=\"#\" rel=\"nofollow\">\u00c0udio descripci\u00f3<\/a><\/strong><\/p>\n<\/div>\n\n\n\n<div class=\"wp-block-column is-vertically-aligned-center is-layout-flow wp-block-column-is-layout-flow\" style=\"flex-basis:66.66%\">\n<figure class=\"wp-block-audio\"><audio controls src=\"https:\/\/donesdeciencia.webs.upv.es\/wp-content\/uploads\/2024\/01\/NURIA-OLIVER-AD.mp3\"><\/audio><\/figure>\n<\/div>\n<\/div>\n\n\n\n<figure class=\"wp-block-image size-large\"><img loading=\"lazy\" decoding=\"async\" width=\"1024\" height=\"681\" src=\"https:\/\/donesdeciencia.webs.upv.es\/wp-content\/uploads\/2024\/01\/nuria_oliver_p2-1024x681.jpg\" alt=\"\" class=\"wp-image-211\" srcset=\"https:\/\/donesdeciencia.webs.upv.es\/wp-content\/uploads\/2024\/01\/nuria_oliver_p2-1024x681.jpg 1024w, https:\/\/donesdeciencia.webs.upv.es\/wp-content\/uploads\/2024\/01\/nuria_oliver_p2-300x199.jpg 300w, https:\/\/donesdeciencia.webs.upv.es\/wp-content\/uploads\/2024\/01\/nuria_oliver_p2-768x511.jpg 768w, https:\/\/donesdeciencia.webs.upv.es\/wp-content\/uploads\/2024\/01\/nuria_oliver_p2-1536x1021.jpg 1536w, https:\/\/donesdeciencia.webs.upv.es\/wp-content\/uploads\/2024\/01\/nuria_oliver_p2.jpg 1719w\" sizes=\"auto, (max-width: 1024px) 100vw, 1024px\" \/><\/figure>\n\n\n\n<figure class=\"wp-block-video\"><video height=\"1080\" style=\"aspect-ratio: 1920 \/ 1080;\" width=\"1920\" controls src=\"https:\/\/donesdeciencia.webs.upv.es\/wp-content\/uploads\/2024\/01\/2021-05-07-ciencia-accesible-64671.mp4\"><\/video><\/figure>\n\n\n\n<figure class=\"wp-block-embed is-type-video is-provider-youtube wp-block-embed-youtube wp-embed-aspect-16-9 wp-has-aspect-ratio\"><div class=\"wp-block-embed__wrapper\">\n<iframe loading=\"lazy\" title=\"Dones de ci\u00e8ncia: Nuria Oliver (lengua de signos)\" width=\"500\" height=\"281\" src=\"https:\/\/www.youtube.com\/embed\/isWrG3HvaDw?list=PLEXWGQ5mFUj8WNUOGN_6piJvuIjNC4sUS\" frameborder=\"0\" allow=\"accelerometer; autoplay; clipboard-write; encrypted-media; gyroscope; picture-in-picture; web-share\" referrerpolicy=\"strict-origin-when-cross-origin\" allowfullscreen><\/iframe>\n<\/div><\/figure>\n<\/div>\n\n\n\n<div class=\"wp-block-column is-layout-flow wp-block-column-is-layout-flow\">\n<p>Firme defensora que el poder de la tecnolog\u00eda puede cambiar la calidad de vida de las personas, tanto a nivel individual como colectivo, Nuria Oliver hace 25 a\u00f1os que dedica su carrera profesional en la investigaci\u00f3n inform\u00e1tica.<\/p>\n\n\n\n<p>Nacida en Alicante el 1970, se licenci\u00f3 en Ingenier\u00eda de Telecomunicaciones por la Universidad Polit\u00e9cnica de Madrid el 1994, con el mejor expediente a nivel nacional. Posteriormente, se doctor\u00f3 en el Instituto Tecnol\u00f3gico de Massachusetts (MIT), en el \u00e1rea de inteligencia perceptiva, y entr\u00f3 a formar parte del equipo de investigaci\u00f3n del Microsoft Research a Redmond, en los EE. UU..<\/p>\n\n\n\n<p>Despu\u00e9s de dedicar a\u00f1os en la investigaci\u00f3n en Microsoft volvi\u00f3 a Espa\u00f1a para unirse en Telef\u00f3nica I+D como directora cient\u00edfica en Multimedia, y se convirti\u00f3 en la primera mujer hasta el momento que logra un lugar de directora cient\u00edfica en esta entidad.<\/p>\n\n\n\n<p>El 2016 continu\u00f3 rompiendo barreras al ser nombrada la primera jefa de datos en Fecha-Pop Alliance, una organizaci\u00f3n internacional sin \u00e1nimo de lucro creada por la Iniciativa Humanitaria de Harvard, MIT Media Lab y Overseas Development Institute dedicada a aprovechar los datos masivos (big fecha) para mejorar el mundo. Meses despu\u00e9s, se uni\u00f3 al Grupo Vodafone como la primera directora de investigaci\u00f3n en Ciencia de Datos.<\/p>\n\n\n\n<p>Su trabajo es conocido internacionalmente con m\u00e1s de 180 publicaciones cient\u00edficas que han recibido casi 20.000 citas. Es coinventora de 41 patentes registradas, conferenciante habitual en congresos internacionales y asesora de diferentes instituciones y gobiernos internacionales nacionales e internacionales. Fue elegida fellow por la Asociaci\u00f3n Europea de Inteligencia Artificial el 2016, fellow del IEEE y fellow del ACM el 2017. Es acad\u00e9mica electa de la Real Academia de Ingenier\u00eda de Espa\u00f1a (2018) y de la Academia Europea (2018).<\/p>\n\n\n\n<p>Es Doctora honoris causa por la Universidad Miguel Hern\u00e1ndez de Elche y el 2019 lo Special Interest Group donde Computer-Human Interaction del ACM la eligi\u00f3 como miembro de la CHI Academy, la m\u00e1s importante a nivel mundial que valora aquellos investigadores e investigadoras que han realizado contribuciones significativas en el campo de la interacci\u00f3n hombre-m\u00e1quina. Una vez m\u00e1s ha sido pionera, al convertirse en la primera investigadora espa\u00f1ola aceptada en esta instituci\u00f3n.<\/p>\n\n\n\n<p>Actualmente es cofundadora y vicepresidenta de ELLIS (The European Laboratory for Learning and Intelligent Systems), cofundadora de la Fundacion unidad ELLIS Alicante, cient\u00edfica jefa de datos en Fecha-Pop Alliance, asesora cient\u00edfica principal en el Instituto Vodafone y comisionada de Presidencia de la Generalitat en Inteligencia Artificial y Ciencia de Datos en la lucha contra la COVID-19. Durante la pandemia de COVID-19 ha liderado un equipo de investigadores que han sido los ganadores mundiales del 500k XPRIZE Pandemic Response Challenge, siente el primer equipo espa\u00f1ol a ganar una competici\u00f3n XPRIZE.<\/p>\n<\/div>\n<\/div>\n\n\n\n<hr class=\"wp-block-separator has-alpha-channel-opacity is-style-wide\"\/>\n\n\n\n<div class=\"wp-block-columns is-layout-flex wp-container-core-columns-is-layout-9d6595d7 wp-block-columns-is-layout-flex\">\n<div class=\"wp-block-column is-layout-flow wp-block-column-is-layout-flow\" style=\"flex-basis:25%\"><\/div>\n\n\n\n<div class=\"wp-block-column is-layout-flow wp-block-column-is-layout-flow\" style=\"flex-basis:50%\">\n<div class=\"wp-block-group text-center has-blaubg-background-color has-background is-layout-constrained wp-block-group-is-layout-constrained\">\n<h2 class=\"wp-block-heading has-medium-font-size\">Artista: Alicia L\u00f3pez \u201cSucri\u201d<\/h2>\n\n\n\n<p>Ubicaci\u00f3n: CEIP Gaspar Gil Polo (C\/ Miguel Paredes, 5 46018 Valencia)<\/p>\n\n\n\n<p><a href=\"https:\/\/donesdeciencia.webs.upv.es\/index.html#planol\">Plano<\/a><\/p>\n\n\n\n<p><strong>EMT<\/strong> L\u00edneas: 70, 73, 93, 95, 99<\/p>\n<\/div>\n<\/div>\n\n\n\n<div class=\"wp-block-column is-layout-flow wp-block-column-is-layout-flow\" style=\"flex-basis:25%\"><\/div>\n<\/div>\n\n\n\n<hr class=\"wp-block-separator has-alpha-channel-opacity is-style-wide\"\/>\n","protected":false},"featured_media":432,"menu_order":0,"template":"","class_list":["post-548","cientifiques","type-cientifiques","status-publish","has-post-thumbnail","hentry"],"acf":[],"_links":{"self":[{"href":"https:\/\/donesdeciencia.webs.upv.es\/es\/wp-json\/wp\/v2\/cientifiques\/548","targetHints":{"allow":["GET"]}}],"collection":[{"href":"https:\/\/donesdeciencia.webs.upv.es\/es\/wp-json\/wp\/v2\/cientifiques"}],"about":[{"href":"https:\/\/donesdeciencia.webs.upv.es\/es\/wp-json\/wp\/v2\/types\/cientifiques"}],"wp:featuredmedia":[{"embeddable":true,"href":"https:\/\/donesdeciencia.webs.upv.es\/es\/wp-json\/wp\/v2\/media\/432"}],"wp:attachment":[{"href":"https:\/\/donesdeciencia.webs.upv.es\/es\/wp-json\/wp\/v2\/media?parent=548"}],"curies":[{"name":"wp","href":"https:\/\/api.w.org\/{rel}","templated":true}]}}

<div class="wp-block-columns is-layout-flex wp-container-core-columns-is-layout-9d6595d7 wp-block-columns-is-layout-flex">
<div class="wp-block-column is-layout-flow wp-block-column-is-layout-flow">
<div class="wp-block-columns are-vertically-aligned-center is-layout-flex wp-container-core-columns-is-layout-9d6595d7 wp-block-columns-is-layout-flex">
<div class="wp-block-column is-vertically-aligned-center is-layout-flow wp-block-column-is-layout-flow" style="flex-basis:33.33%">
<p class="has-text-align-center" id="playaudio"><strong><a href="#" rel="nofollow">Àudio descripció</a></strong></p>
</div>



<div class="wp-block-column is-vertically-aligned-center is-layout-flow wp-block-column-is-layout-flow" style="flex-basis:66.66%">
<figure class="wp-block-audio"><audio controls src="https://donesdeciencia.webs.upv.es/wp-content/uploads/2024/01/NURIA-OLIVER-AD.mp3"></audio></figure>
</div>
</div>



<figure class="wp-block-image size-large"><img loading="lazy" decoding="async" width="1024" height="681" src="https://donesdeciencia.webs.upv.es/wp-content/uploads/2024/01/nuria_oliver_p2-1024x681.jpg" alt="" class="wp-image-211" srcset="https://donesdeciencia.webs.upv.es/wp-content/uploads/2024/01/nuria_oliver_p2-1024x681.jpg 1024w, https://donesdeciencia.webs.upv.es/wp-content/uploads/2024/01/nuria_oliver_p2-300x199.jpg 300w, https://donesdeciencia.webs.upv.es/wp-content/uploads/2024/01/nuria_oliver_p2-768x511.jpg 768w, https://donesdeciencia.webs.upv.es/wp-content/uploads/2024/01/nuria_oliver_p2-1536x1021.jpg 1536w, https://donesdeciencia.webs.upv.es/wp-content/uploads/2024/01/nuria_oliver_p2.jpg 1719w" sizes="auto, (max-width: 1024px) 100vw, 1024px" /></figure>



<figure class="wp-block-video"><video height="1080" style="aspect-ratio: 1920 / 1080;" width="1920" controls src="https://donesdeciencia.webs.upv.es/wp-content/uploads/2024/01/2021-05-07-ciencia-accesible-64671.mp4"></video></figure>



<figure class="wp-block-embed is-type-video is-provider-youtube wp-block-embed-youtube wp-embed-aspect-16-9 wp-has-aspect-ratio"><div class="wp-block-embed__wrapper">
<iframe loading="lazy" title="Dones de ciència: Nuria Oliver (lengua de signos)" width="500" height="281" src="https://www.youtube.com/embed/isWrG3HvaDw?list=PLEXWGQ5mFUj8WNUOGN_6piJvuIjNC4sUS" frameborder="0" allow="accelerometer; autoplay; clipboard-write; encrypted-media; gyroscope; picture-in-picture; web-share" referrerpolicy="strict-origin-when-cross-origin" allowfullscreen></iframe>
</div></figure>
</div>



<div class="wp-block-column is-layout-flow wp-block-column-is-layout-flow">
<p>Firme defensora que el poder de la tecnología puede cambiar la calidad de vida de las personas, tanto a nivel individual como colectivo, Nuria Oliver hace 25 años que dedica su carrera profesional en la investigación informática.</p>



<p>Nacida en Alicante el 1970, se licenció en Ingeniería de Telecomunicaciones por la Universidad Politécnica de Madrid el 1994, con el mejor expediente a nivel nacional. Posteriormente, se doctoró en el Instituto Tecnológico de Massachusetts (MIT), en el área de inteligencia perceptiva, y entró a formar parte del equipo de investigación del Microsoft Research a Redmond, en los EE. UU..</p>



<p>Después de dedicar años en la investigación en Microsoft volvió a España para unirse en Telefónica I+D como directora científica en Multimedia, y se convirtió en la primera mujer hasta el momento que logra un lugar de directora científica en esta entidad.</p>



<p>El 2016 continuó rompiendo barreras al ser nombrada la primera jefa de datos en Fecha-Pop Alliance, una organización internacional sin ánimo de lucro creada por la Iniciativa Humanitaria de Harvard, MIT Media Lab y Overseas Development Institute dedicada a aprovechar los datos masivos (big fecha) para mejorar el mundo. Meses después, se unió al Grupo Vodafone como la primera directora de investigación en Ciencia de Datos.</p>



<p>Su trabajo es conocido internacionalmente con más de 180 publicaciones científicas que han recibido casi 20.000 citas. Es coinventora de 41 patentes registradas, conferenciante habitual en congresos internacionales y asesora de diferentes instituciones y gobiernos internacionales nacionales e internacionales. Fue elegida fellow por la Asociación Europea de Inteligencia Artificial el 2016, fellow del IEEE y fellow del ACM el 2017. Es académica electa de la Real Academia de Ingeniería de España (2018) y de la Academia Europea (2018).</p>



<p>Es Doctora honoris causa por la Universidad Miguel Hernández de Elche y el 2019 lo Special Interest Group donde Computer-Human Interaction del ACM la eligió como miembro de la CHI Academy, la más importante a nivel mundial que valora aquellos investigadores e investigadoras que han realizado contribuciones significativas en el campo de la interacción hombre-máquina. Una vez más ha sido pionera, al convertirse en la primera investigadora española aceptada en esta institución.</p>



<p>Actualmente es cofundadora y vicepresidenta de ELLIS (The European Laboratory for Learning and Intelligent Systems), cofundadora de la Fundacion unidad ELLIS Alicante, científica jefa de datos en Fecha-Pop Alliance, asesora científica principal en el Instituto Vodafone y comisionada de Presidencia de la Generalitat en Inteligencia Artificial y Ciencia de Datos en la lucha contra la COVID-19. Durante la pandemia de COVID-19 ha liderado un equipo de investigadores que han sido los ganadores mundiales del 500k XPRIZE Pandemic Response Challenge, siente el primer equipo español a ganar una competición XPRIZE.</p>
</div>
</div>



<hr class="wp-block-separator has-alpha-channel-opacity is-style-wide"/>



<div class="wp-block-columns is-layout-flex wp-container-core-columns-is-layout-9d6595d7 wp-block-columns-is-layout-flex">
<div class="wp-block-column is-layout-flow wp-block-column-is-layout-flow" style="flex-basis:25%"></div>



<div class="wp-block-column is-layout-flow wp-block-column-is-layout-flow" style="flex-basis:50%">
<div class="wp-block-group text-center has-blaubg-background-color has-background is-layout-constrained wp-block-group-is-layout-constrained">
<h2 class="wp-block-heading has-medium-font-size">Artista: Alicia López “Sucri”</h2>



<p>Ubicación: CEIP Gaspar Gil Polo (C/ Miguel Paredes, 5 46018 Valencia)</p>



<p><a href="https://donesdeciencia.webs.upv.es/index.html#planol">Plano</a></p>



<p><strong>EMT</strong> Líneas: 70, 73, 93, 95, 99</p>
</div>
</div>



<div class="wp-block-column is-layout-flow wp-block-column-is-layout-flow" style="flex-basis:25%"></div>
</div>



<hr class="wp-block-separator has-alpha-channel-opacity is-style-wide"/>
