{"id":543,"date":"2024-01-17T15:10:39","date_gmt":"2024-01-17T14:10:39","guid":{"rendered":"https:\/\/donesdeciencia.webs.upv.es\/cientifiques\/elena-garcia-armada\/"},"modified":"2024-03-29T12:54:02","modified_gmt":"2024-03-29T11:54:02","slug":"elena-garcia-armada","status":"publish","type":"cientifiques","link":"https:\/\/donesdeciencia.webs.upv.es\/es\/cientifiques\/elena-garcia-armada\/","title":{"rendered":"Elena Garc\u00eda Armada"},"content":{"rendered":"\n<div class=\"wp-block-columns is-layout-flex wp-container-core-columns-is-layout-9d6595d7 wp-block-columns-is-layout-flex\">\n<div class=\"wp-block-column is-layout-flow wp-block-column-is-layout-flow\">\n<div class=\"wp-block-columns are-vertically-aligned-center is-layout-flex wp-container-core-columns-is-layout-9d6595d7 wp-block-columns-is-layout-flex\">\n<div class=\"wp-block-column is-vertically-aligned-center is-layout-flow wp-block-column-is-layout-flow\" style=\"flex-basis:33.33%\">\n<p class=\"has-text-align-center\" id=\"playaudio\"><strong><a href=\"#\" rel=\"nofollow\">\u00c0udio descripci\u00f3<\/a><\/strong><\/p>\n<\/div>\n\n\n\n<div class=\"wp-block-column is-vertically-aligned-center is-layout-flow wp-block-column-is-layout-flow\" style=\"flex-basis:66.66%\">\n<figure class=\"wp-block-audio\"><audio controls=\"\" src=\"https:\/\/donesdeciencia.webs.upv.es\/wp-content\/uploads\/2024\/01\/ELENA-GARCIA-AD.mp3\"><\/audio><\/figure>\n<\/div>\n<\/div>\n\n\n\n<figure class=\"wp-block-image size-large\"><img loading=\"lazy\" decoding=\"async\" width=\"1024\" height=\"681\" src=\"https:\/\/donesdeciencia.webs.upv.es\/wp-content\/uploads\/2024\/01\/elena_garcia_p2-1024x681.jpg\" alt=\"\" class=\"wp-image-239\" srcset=\"https:\/\/donesdeciencia.webs.upv.es\/wp-content\/uploads\/2024\/01\/elena_garcia_p2-1024x681.jpg 1024w, https:\/\/donesdeciencia.webs.upv.es\/wp-content\/uploads\/2024\/01\/elena_garcia_p2-300x199.jpg 300w, https:\/\/donesdeciencia.webs.upv.es\/wp-content\/uploads\/2024\/01\/elena_garcia_p2-768x511.jpg 768w, https:\/\/donesdeciencia.webs.upv.es\/wp-content\/uploads\/2024\/01\/elena_garcia_p2-1536x1021.jpg 1536w, https:\/\/donesdeciencia.webs.upv.es\/wp-content\/uploads\/2024\/01\/elena_garcia_p2.jpg 1719w\" sizes=\"auto, (max-width: 1024px) 100vw, 1024px\" \/><\/figure>\n\n\n\n<figure class=\"wp-block-video\"><video height=\"1080\" style=\"aspect-ratio: 1920 \/ 1080;\" width=\"1920\" controls=\"\" src=\"https:\/\/donesdeciencia.webs.upv.es\/wp-content\/uploads\/2024\/01\/2021-10-19-ciencia-accesible-65188.mp4\"><\/video><\/figure>\n<\/div>\n\n\n\n<div class=\"wp-block-column is-layout-flow wp-block-column-is-layout-flow\">\n<p>Elena Garc\u00eda Armada es Doctora Ingeniera Industrial, Investigadora Cient\u00edfica del CSIC y fundadora y CEO de Marsi Bionics. Ha conseguido resultados pioneros en el \u00e1mbito internacional en el desarrollo de exoesqueletos pedi\u00e1tricos de asistencia a la marcha. Sus trabajos han dado lugar a 8 patentes extendidas internacionalmente y ha publicado m\u00e1s de 100 trabajos cient\u00edficos. Elena Garc\u00eda dedica una parte importante de su actividad a la transferencia tecnol\u00f3gica fundando la Empresa de Base Tecnol\u00f3gica Marsi Bionics en 2013. El gran impacto cient\u00edfico-t\u00e9cnico y social de su trabajo investigador y emprendedor ha sido reconocido ya con 40 premios otorgados por instituciones de prestigio.<\/p>\n\n\n\n<p>Entre sus distinciones destacan el premio Llevar\u00e1n Farrell de Investigaci\u00f3n Tecnol\u00f3gica 2020, el premio TALGO a la Excelencia de la Mujer en la Ingenier\u00eda en su primera edici\u00f3n 2019, o la Placa de Plata de la Sanidad Madrile\u00f1a, reconocimientos a los cuales ahora se suma este homenaje del proyecto \u201cDones de Ci\u00e8ncia\u201d.<\/p>\n\n\n\n<p>Elena Garc\u00eda representa a la ciencia espa\u00f1ola en importantes comit\u00e9s: es miembro del jurado de los Premios Princesa de Asturias de Investigaci\u00f3n Cient\u00edfica y T\u00e9cnica y del Premio Nacional de Transferencia Tecnol\u00f3gica, as\u00ed como del Comit\u00e9 Estrat\u00e9gico del programa Mujer e ingenier\u00eda de la Real Academia de Ingenier\u00eda, entre otras. Adem\u00e1s, es Acad\u00e9mica Correspondiente de Honor de la Real Academia de Medicina de Cantabria y una grande comprometida con la divulgaci\u00f3n de la ciencia.<\/p>\n\n\n\n<p>Sobre los exoesqueletos dise\u00f1ados por Elena Garc\u00eda Armada<br\/>Los exoesqueletos dise\u00f1ados por Elena Garc\u00eda Armada y su equipo son \u00fanicos en el mundo. Cuando empez\u00f3 el proyecto de investigaci\u00f3n en 2009 no exist\u00eda el conocimiento t\u00e9cnico para aplicar la rob\u00f3tica en la rehabilitaci\u00f3n de enfermedades neuromusculares en los pacientes pedi\u00e1tricos. Ahora, 12 a\u00f1os despu\u00e9s, los exoesqueletos infantiles son una realidad que pueden ser utilizados por ni\u00f1os y ni\u00f1as afligidos con patolog\u00edas tan diversas como la Atrofia Muscular Espinal y la par\u00e1lisis cerebral infantil.<\/p>\n\n\n\n<p>El exoesqueleto, compuesto por 10 articulaciones, imita el funcionamiento del m\u00fasculo natural y, gracias a la inteligencia artificial, anticipa el movimiento del paciente aportando la fuerza necesaria para completar la marcha. Esto permite andar a ni\u00f1os que no pueden hacerlo al mismo tiempo que trabajan su musculatura de manera general impactante en su estado f\u00edsico y an\u00edmico.<\/p>\n<\/div>\n<\/div>\n\n<hr class=\"wp-block-separator has-alpha-channel-opacity is-style-wide\"\/>\n\n<div class=\"wp-block-columns is-layout-flex wp-container-core-columns-is-layout-9d6595d7 wp-block-columns-is-layout-flex\">\n<div class=\"wp-block-column is-layout-flow wp-block-column-is-layout-flow\" style=\"flex-basis:25%\"><\/div>\n\n\n\n<div class=\"wp-block-column is-layout-flow wp-block-column-is-layout-flow\" style=\"flex-basis:50%\">\n<div class=\"wp-block-group text-center has-blaubg-background-color has-background is-layout-constrained wp-block-group-is-layout-constrained\">\n<h2 class=\"wp-block-heading has-medium-font-size\">Artista: Sara Mono<\/h2>\n\n\n\n<ul class=\"wp-block-social-links is-content-justification-center is-layout-flex wp-container-core-social-links-is-layout-16018d1d wp-block-social-links-is-layout-flex\"><li class=\"wp-social-link wp-social-link-instagram  wp-block-social-link\"><a href=\"https:\/\/www.instagram.com\/saramono_\/?hl=es\" class=\"wp-block-social-link-anchor\"><svg width=\"24\" height=\"24\" viewBox=\"0 0 24 24\" version=\"1.1\" xmlns=\"http:\/\/www.w3.org\/2000\/svg\" aria-hidden=\"true\" focusable=\"false\"><path d=\"M12,4.622c2.403,0,2.688,0.009,3.637,0.052c0.877,0.04,1.354,0.187,1.671,0.31c0.42,0.163,0.72,0.358,1.035,0.673 c0.315,0.315,0.51,0.615,0.673,1.035c0.123,0.317,0.27,0.794,0.31,1.671c0.043,0.949,0.052,1.234,0.052,3.637 s-0.009,2.688-0.052,3.637c-0.04,0.877-0.187,1.354-0.31,1.671c-0.163,0.42-0.358,0.72-0.673,1.035 c-0.315,0.315-0.615,0.51-1.035,0.673c-0.317,0.123-0.794,0.27-1.671,0.31c-0.949,0.043-1.233,0.052-3.637,0.052 s-2.688-0.009-3.637-0.052c-0.877-0.04-1.354-0.187-1.671-0.31c-0.42-0.163-0.72-0.358-1.035-0.673 c-0.315-0.315-0.51-0.615-0.673-1.035c-0.123-0.317-0.27-0.794-0.31-1.671C4.631,14.688,4.622,14.403,4.622,12 s0.009-2.688,0.052-3.637c0.04-0.877,0.187-1.354,0.31-1.671c0.163-0.42,0.358-0.72,0.673-1.035 c0.315-0.315,0.615-0.51,1.035-0.673c0.317-0.123,0.794-0.27,1.671-0.31C9.312,4.631,9.597,4.622,12,4.622 M12,3 C9.556,3,9.249,3.01,8.289,3.054C7.331,3.098,6.677,3.25,6.105,3.472C5.513,3.702,5.011,4.01,4.511,4.511 c-0.5,0.5-0.808,1.002-1.038,1.594C3.25,6.677,3.098,7.331,3.054,8.289C3.01,9.249,3,9.556,3,12c0,2.444,0.01,2.751,0.054,3.711 c0.044,0.958,0.196,1.612,0.418,2.185c0.23,0.592,0.538,1.094,1.038,1.594c0.5,0.5,1.002,0.808,1.594,1.038 c0.572,0.222,1.227,0.375,2.185,0.418C9.249,20.99,9.556,21,12,21s2.751-0.01,3.711-0.054c0.958-0.044,1.612-0.196,2.185-0.418 c0.592-0.23,1.094-0.538,1.594-1.038c0.5-0.5,0.808-1.002,1.038-1.594c0.222-0.572,0.375-1.227,0.418-2.185 C20.99,14.751,21,14.444,21,12s-0.01-2.751-0.054-3.711c-0.044-0.958-0.196-1.612-0.418-2.185c-0.23-0.592-0.538-1.094-1.038-1.594 c-0.5-0.5-1.002-0.808-1.594-1.038c-0.572-0.222-1.227-0.375-2.185-0.418C14.751,3.01,14.444,3,12,3L12,3z M12,7.378 c-2.552,0-4.622,2.069-4.622,4.622S9.448,16.622,12,16.622s4.622-2.069,4.622-4.622S14.552,7.378,12,7.378z M12,15 c-1.657,0-3-1.343-3-3s1.343-3,3-3s3,1.343,3,3S13.657,15,12,15z M16.804,6.116c-0.596,0-1.08,0.484-1.08,1.08 s0.484,1.08,1.08,1.08c0.596,0,1.08-0.484,1.08-1.08S17.401,6.116,16.804,6.116z\"><\/path><\/svg><span class=\"wp-block-social-link-label screen-reader-text\">Instagram<\/span><\/a><\/li><\/ul>\n\n\n\n<p>Ubicaci\u00f3n: IES Font de Sant Llu\u00eds (Avda. Germans Maristes, 25. 46013 Valencia)<\/p>\n\n\n\n<p><a href=\"https:\/\/donesdeciencia.webs.upv.es\/index.html#planol\">Plano<\/a><\/p>\n\n\n\n<p><strong>EMT<\/strong> L\u00edneas: 6, 13, 14, 18, 35, N7 i N9<\/p>\n<\/div>\n<\/div>\n\n\n\n<div class=\"wp-block-column is-layout-flow wp-block-column-is-layout-flow\" style=\"flex-basis:25%\"><\/div>\n<\/div>\n\n<hr class=\"wp-block-separator has-alpha-channel-opacity is-style-wide\"\/>\n","protected":false},"featured_media":455,"menu_order":0,"template":"","class_list":["post-543","cientifiques","type-cientifiques","status-publish","has-post-thumbnail","hentry"],"acf":[],"_links":{"self":[{"href":"https:\/\/donesdeciencia.webs.upv.es\/es\/wp-json\/wp\/v2\/cientifiques\/543","targetHints":{"allow":["GET"]}}],"collection":[{"href":"https:\/\/donesdeciencia.webs.upv.es\/es\/wp-json\/wp\/v2\/cientifiques"}],"about":[{"href":"https:\/\/donesdeciencia.webs.upv.es\/es\/wp-json\/wp\/v2\/types\/cientifiques"}],"wp:featuredmedia":[{"embeddable":true,"href":"https:\/\/donesdeciencia.webs.upv.es\/es\/wp-json\/wp\/v2\/media\/455"}],"wp:attachment":[{"href":"https:\/\/donesdeciencia.webs.upv.es\/es\/wp-json\/wp\/v2\/media?parent=543"}],"curies":[{"name":"wp","href":"https:\/\/api.w.org\/{rel}","templated":true}]}}

Elena García Armada

<div class="wp-block-columns is-layout-flex wp-container-core-columns-is-layout-9d6595d7 wp-block-columns-is-layout-flex">
<div class="wp-block-column is-layout-flow wp-block-column-is-layout-flow">
<div class="wp-block-columns are-vertically-aligned-center is-layout-flex wp-container-core-columns-is-layout-9d6595d7 wp-block-columns-is-layout-flex">
<div class="wp-block-column is-vertically-aligned-center is-layout-flow wp-block-column-is-layout-flow" style="flex-basis:33.33%">
<p class="has-text-align-center" id="playaudio"><strong><a href="#" rel="nofollow">Àudio descripció</a></strong></p>
</div>



<div class="wp-block-column is-vertically-aligned-center is-layout-flow wp-block-column-is-layout-flow" style="flex-basis:66.66%">
<figure class="wp-block-audio"><audio controls="" src="https://donesdeciencia.webs.upv.es/wp-content/uploads/2024/01/ELENA-GARCIA-AD.mp3"></audio></figure>
</div>
</div>



<figure class="wp-block-image size-large"><img loading="lazy" decoding="async" width="1024" height="681" src="https://donesdeciencia.webs.upv.es/wp-content/uploads/2024/01/elena_garcia_p2-1024x681.jpg" alt="" class="wp-image-239" srcset="https://donesdeciencia.webs.upv.es/wp-content/uploads/2024/01/elena_garcia_p2-1024x681.jpg 1024w, https://donesdeciencia.webs.upv.es/wp-content/uploads/2024/01/elena_garcia_p2-300x199.jpg 300w, https://donesdeciencia.webs.upv.es/wp-content/uploads/2024/01/elena_garcia_p2-768x511.jpg 768w, https://donesdeciencia.webs.upv.es/wp-content/uploads/2024/01/elena_garcia_p2-1536x1021.jpg 1536w, https://donesdeciencia.webs.upv.es/wp-content/uploads/2024/01/elena_garcia_p2.jpg 1719w" sizes="auto, (max-width: 1024px) 100vw, 1024px" /></figure>



<figure class="wp-block-video"><video height="1080" style="aspect-ratio: 1920 / 1080;" width="1920" controls="" src="https://donesdeciencia.webs.upv.es/wp-content/uploads/2024/01/2021-10-19-ciencia-accesible-65188.mp4"></video></figure>
</div>



<div class="wp-block-column is-layout-flow wp-block-column-is-layout-flow">
<p>Elena García Armada es Doctora Ingeniera Industrial, Investigadora Científica del CSIC y fundadora y CEO de Marsi Bionics. Ha conseguido resultados pioneros en el ámbito internacional en el desarrollo de exoesqueletos pediátricos de asistencia a la marcha. Sus trabajos han dado lugar a 8 patentes extendidas internacionalmente y ha publicado más de 100 trabajos científicos. Elena García dedica una parte importante de su actividad a la transferencia tecnológica fundando la Empresa de Base Tecnológica Marsi Bionics en 2013. El gran impacto científico-técnico y social de su trabajo investigador y emprendedor ha sido reconocido ya con 40 premios otorgados por instituciones de prestigio.</p>



<p>Entre sus distinciones destacan el premio Llevarán Farrell de Investigación Tecnológica 2020, el premio TALGO a la Excelencia de la Mujer en la Ingeniería en su primera edición 2019, o la Placa de Plata de la Sanidad Madrileña, reconocimientos a los cuales ahora se suma este homenaje del proyecto “Dones de Ciència”.</p>



<p>Elena García representa a la ciencia española en importantes comités: es miembro del jurado de los Premios Princesa de Asturias de Investigación Científica y Técnica y del Premio Nacional de Transferencia Tecnológica, así como del Comité Estratégico del programa Mujer e ingeniería de la Real Academia de Ingeniería, entre otras. Además, es Académica Correspondiente de Honor de la Real Academia de Medicina de Cantabria y una grande comprometida con la divulgación de la ciencia.</p>



<p>Sobre los exoesqueletos diseñados por Elena García Armada<br/>Los exoesqueletos diseñados por Elena García Armada y su equipo son únicos en el mundo. Cuando empezó el proyecto de investigación en 2009 no existía el conocimiento técnico para aplicar la robótica en la rehabilitación de enfermedades neuromusculares en los pacientes pediátricos. Ahora, 12 años después, los exoesqueletos infantiles son una realidad que pueden ser utilizados por niños y niñas afligidos con patologías tan diversas como la Atrofia Muscular Espinal y la parálisis cerebral infantil.</p>



<p>El exoesqueleto, compuesto por 10 articulaciones, imita el funcionamiento del músculo natural y, gracias a la inteligencia artificial, anticipa el movimiento del paciente aportando la fuerza necesaria para completar la marcha. Esto permite andar a niños que no pueden hacerlo al mismo tiempo que trabajan su musculatura de manera general impactante en su estado físico y anímico.</p>
</div>
</div>

<hr class="wp-block-separator has-alpha-channel-opacity is-style-wide"/>

<div class="wp-block-columns is-layout-flex wp-container-core-columns-is-layout-9d6595d7 wp-block-columns-is-layout-flex">
<div class="wp-block-column is-layout-flow wp-block-column-is-layout-flow" style="flex-basis:25%"></div>



<div class="wp-block-column is-layout-flow wp-block-column-is-layout-flow" style="flex-basis:50%">
<div class="wp-block-group text-center has-blaubg-background-color has-background is-layout-constrained wp-block-group-is-layout-constrained">
<h2 class="wp-block-heading has-medium-font-size">Artista: Sara Mono</h2>



<ul class="wp-block-social-links is-content-justification-center is-layout-flex wp-container-core-social-links-is-layout-16018d1d wp-block-social-links-is-layout-flex"><li class="wp-social-link wp-social-link-instagram  wp-block-social-link"><a href="https://www.instagram.com/saramono_/?hl=es" class="wp-block-social-link-anchor"><svg width="24" height="24" viewBox="0 0 24 24" version="1.1" xmlns="http://www.w3.org/2000/svg" aria-hidden="true" focusable="false"><path d="M12,4.622c2.403,0,2.688,0.009,3.637,0.052c0.877,0.04,1.354,0.187,1.671,0.31c0.42,0.163,0.72,0.358,1.035,0.673 c0.315,0.315,0.51,0.615,0.673,1.035c0.123,0.317,0.27,0.794,0.31,1.671c0.043,0.949,0.052,1.234,0.052,3.637 s-0.009,2.688-0.052,3.637c-0.04,0.877-0.187,1.354-0.31,1.671c-0.163,0.42-0.358,0.72-0.673,1.035 c-0.315,0.315-0.615,0.51-1.035,0.673c-0.317,0.123-0.794,0.27-1.671,0.31c-0.949,0.043-1.233,0.052-3.637,0.052 s-2.688-0.009-3.637-0.052c-0.877-0.04-1.354-0.187-1.671-0.31c-0.42-0.163-0.72-0.358-1.035-0.673 c-0.315-0.315-0.51-0.615-0.673-1.035c-0.123-0.317-0.27-0.794-0.31-1.671C4.631,14.688,4.622,14.403,4.622,12 s0.009-2.688,0.052-3.637c0.04-0.877,0.187-1.354,0.31-1.671c0.163-0.42,0.358-0.72,0.673-1.035 c0.315-0.315,0.615-0.51,1.035-0.673c0.317-0.123,0.794-0.27,1.671-0.31C9.312,4.631,9.597,4.622,12,4.622 M12,3 C9.556,3,9.249,3.01,8.289,3.054C7.331,3.098,6.677,3.25,6.105,3.472C5.513,3.702,5.011,4.01,4.511,4.511 c-0.5,0.5-0.808,1.002-1.038,1.594C3.25,6.677,3.098,7.331,3.054,8.289C3.01,9.249,3,9.556,3,12c0,2.444,0.01,2.751,0.054,3.711 c0.044,0.958,0.196,1.612,0.418,2.185c0.23,0.592,0.538,1.094,1.038,1.594c0.5,0.5,1.002,0.808,1.594,1.038 c0.572,0.222,1.227,0.375,2.185,0.418C9.249,20.99,9.556,21,12,21s2.751-0.01,3.711-0.054c0.958-0.044,1.612-0.196,2.185-0.418 c0.592-0.23,1.094-0.538,1.594-1.038c0.5-0.5,0.808-1.002,1.038-1.594c0.222-0.572,0.375-1.227,0.418-2.185 C20.99,14.751,21,14.444,21,12s-0.01-2.751-0.054-3.711c-0.044-0.958-0.196-1.612-0.418-2.185c-0.23-0.592-0.538-1.094-1.038-1.594 c-0.5-0.5-1.002-0.808-1.594-1.038c-0.572-0.222-1.227-0.375-2.185-0.418C14.751,3.01,14.444,3,12,3L12,3z M12,7.378 c-2.552,0-4.622,2.069-4.622,4.622S9.448,16.622,12,16.622s4.622-2.069,4.622-4.622S14.552,7.378,12,7.378z M12,15 c-1.657,0-3-1.343-3-3s1.343-3,3-3s3,1.343,3,3S13.657,15,12,15z M16.804,6.116c-0.596,0-1.08,0.484-1.08,1.08 s0.484,1.08,1.08,1.08c0.596,0,1.08-0.484,1.08-1.08S17.401,6.116,16.804,6.116z"></path></svg><span class="wp-block-social-link-label screen-reader-text">Instagram</span></a></li></ul>



<p>Ubicación: IES Font de Sant Lluís (Avda. Germans Maristes, 25. 46013 Valencia)</p>



<p><a href="https://donesdeciencia.webs.upv.es/index.html#planol">Plano</a></p>



<p><strong>EMT</strong> Líneas: 6, 13, 14, 18, 35, N7 i N9</p>
</div>
</div>



<div class="wp-block-column is-layout-flow wp-block-column-is-layout-flow" style="flex-basis:25%"></div>
</div>

<hr class="wp-block-separator has-alpha-channel-opacity is-style-wide"/>
