{"id":532,"date":"2024-01-17T17:38:39","date_gmt":"2024-01-17T16:38:39","guid":{"rendered":"https:\/\/donesdeciencia.webs.upv.es\/cientifiques\/sara-garcia-alonso\/"},"modified":"2024-08-07T15:24:24","modified_gmt":"2024-08-07T13:24:24","slug":"sara-garcia-alonso","status":"publish","type":"cientifiques","link":"https:\/\/donesdeciencia.webs.upv.es\/es\/cientifiques\/sara-garcia-alonso\/","title":{"rendered":"Sara Garc\u00eda Alonso"},"content":{"rendered":"\n<div class=\"wp-block-columns is-layout-flex wp-container-core-columns-is-layout-9d6595d7 wp-block-columns-is-layout-flex\">\n<div class=\"wp-block-column is-layout-flow wp-block-column-is-layout-flow\">\n<div class=\"wp-block-columns are-vertically-aligned-center is-layout-flex wp-container-core-columns-is-layout-9d6595d7 wp-block-columns-is-layout-flex\">\n<div class=\"wp-block-column is-vertically-aligned-center is-layout-flow wp-block-column-is-layout-flow\" style=\"flex-basis:33.33%\">\n<p class=\"has-text-align-center\" id=\"playaudio\"><strong><a href=\"#\" rel=\"nofollow\">\u00c0udio descripci\u00f3<\/a><\/strong><\/p>\n<\/div>\n\n\n\n<div class=\"wp-block-column is-vertically-aligned-center is-layout-flow wp-block-column-is-layout-flow\" style=\"flex-basis:66.66%\">\n<figure class=\"wp-block-audio\"><audio controls src=\"https:\/\/donesdeciencia.webs.upv.es\/wp-content\/uploads\/2024\/01\/SARA-GARCIA-IN-OUT.mp3\"><\/audio><\/figure>\n<\/div>\n<\/div>\n\n\n\n<figure class=\"wp-block-image size-large\"><img loading=\"lazy\" decoding=\"async\" width=\"833\" height=\"1024\" src=\"https:\/\/donesdeciencia.webs.upv.es\/wp-content\/uploads\/2024\/01\/sara_garcia_p2-833x1024.jpg\" alt=\"\" class=\"wp-image-285\" srcset=\"https:\/\/donesdeciencia.webs.upv.es\/wp-content\/uploads\/2024\/01\/sara_garcia_p2-833x1024.jpg 833w, https:\/\/donesdeciencia.webs.upv.es\/wp-content\/uploads\/2024\/01\/sara_garcia_p2-244x300.jpg 244w, https:\/\/donesdeciencia.webs.upv.es\/wp-content\/uploads\/2024\/01\/sara_garcia_p2-768x945.jpg 768w, https:\/\/donesdeciencia.webs.upv.es\/wp-content\/uploads\/2024\/01\/sara_garcia_p2.jpg 900w\" sizes=\"auto, (max-width: 833px) 100vw, 833px\" \/><\/figure>\n\n\n\n<figure class=\"wp-block-video\"><video height=\"1080\" style=\"aspect-ratio: 1920 \/ 1080;\" width=\"1920\" controls src=\"https:\/\/donesdeciencia.webs.upv.es\/wp-content\/uploads\/2024\/01\/2023-07-03-ciencia-accesible-67571.mp4\"><\/video><\/figure>\n\n\n\n<figure class=\"wp-block-video\"><video height=\"1080\" style=\"aspect-ratio: 1920 \/ 1080;\" width=\"1920\" controls src=\"https:\/\/donesdeciencia.webs.upv.es\/wp-content\/uploads\/2024\/02\/2024-02-16-ciencia-accesible-68282.mp4\"><\/video><\/figure>\n\n\n\n<figure class=\"wp-block-embed is-type-video is-provider-youtube wp-block-embed-youtube wp-embed-aspect-16-9 wp-has-aspect-ratio\"><div class=\"wp-block-embed__wrapper\">\n<iframe loading=\"lazy\" title=\"Entrevista Sara Garc\u00eda Alonso (lengua de signos)\" width=\"500\" height=\"281\" src=\"https:\/\/www.youtube.com\/embed\/aeZ-ltwE4FI?list=PLEXWGQ5mFUj8WNUOGN_6piJvuIjNC4sUS\" frameborder=\"0\" allow=\"accelerometer; autoplay; clipboard-write; encrypted-media; gyroscope; picture-in-picture; web-share\" referrerpolicy=\"strict-origin-when-cross-origin\" allowfullscreen><\/iframe>\n<\/div><\/figure>\n<\/div>\n\n\n\n<div class=\"wp-block-column is-layout-flow wp-block-column-is-layout-flow\">\n<p>Sara Garc\u00eda-Alonso es investigadora titular en el Centro Nacional de Investigaciones Oncol\u00f3gicas (CNIO) y miembro de la reserva de astronautas de la Agencia Espacial Europea (ESA). Se licenci\u00f3 en Biotecnolog\u00eda en la Universidad de Le\u00f3n como la primera de su promoci\u00f3n, y obtuvo varios premios a la excelencia acad\u00e9mica. Durante la carrera universitaria, se form\u00f3 en varios laboratorios e hizo el m\u00e1ster en la especialidad de Biomedicina.<\/p>\n\n\n\n<p>Posteriormente, se traslad\u00f3 al Centro de Investigaci\u00f3n del C\u00e1ncer (2013-2018), donde se doctor\u00f3 cum laude en Biolog\u00eda Molecular del C\u00e1ncer y Medicina Translacional, y obtuvo el premio Extraordinario de Doctorado a la mejor tesis doctoral en Medicina, por la Universidad de Salamanca. Durante esta etapa, trabaj\u00f3 en la identificaci\u00f3n de dianas terap\u00e9uticas y mecanismos de resistencia a f\u00e1rmacos en diferentes tipos de c\u00e1ncer. El 2019, se uni\u00f3 en el laboratorio del Dr. Mariano Barbacid en el CNIO, donde ha realizado avances significativos en el estudio del adenocarcinoma de pulm\u00f3n impulsado por el KRAS. Su trabajo est\u00e1 teniendo un gran impacto en la identificaci\u00f3n de terapias dirigidas contra esta clase de c\u00e1ncer.<\/p>\n\n\n\n<p>En noviembre del 2022, Sara fue seleccionada \u2013entre casi 23.000 persones candidatas\u2013 como astronauta de reserva del Cuerpo Europeo de Astronautas, y se convirti\u00f3 en la primera mujer espa\u00f1ola a conseguirlo.<\/p>\n\n\n\n<p>\u201cEs el homenaje m\u00e1s bonito que me han hecho en toda mi vida. La emoci\u00f3n que sent\u00ed al ver el mural al llegar al colegio fue indescriptible, como lo fue tambi\u00e9n cada minuto que pas\u00e9 con los ni\u00f1os y ni\u00f1as del centro\u201d. As\u00ed lo recuerda Sara Garc\u00eda Alonso qui\u00e9n, durante la inauguraci\u00f3n del mural, traslad\u00f3 a todas las alumnas y alumnas un mensaje claro y lleno de esperanza: \u201cNunca, nunca, nunca dej\u00e1is de imaginar, de so\u00f1ar, porque el futuro es vuestro, de cada una de vosotros y vosotras\u201d.<\/p>\n<\/div>\n<\/div>\n\n\n\n<figure class=\"wp-block-gallery has-nested-images columns-default is-cropped wp-block-gallery-1 is-layout-flex wp-block-gallery-is-layout-flex\">\n<figure class=\"wp-block-image size-large\"><img loading=\"lazy\" decoding=\"async\" width=\"900\" height=\"588\" data-id=\"287\" src=\"https:\/\/donesdeciencia.webs.upv.es\/wp-content\/uploads\/2024\/01\/sara_garcia_3.jpg\" alt=\"\" class=\"wp-image-287\" srcset=\"https:\/\/donesdeciencia.webs.upv.es\/wp-content\/uploads\/2024\/01\/sara_garcia_3.jpg 900w, https:\/\/donesdeciencia.webs.upv.es\/wp-content\/uploads\/2024\/01\/sara_garcia_3-300x196.jpg 300w, https:\/\/donesdeciencia.webs.upv.es\/wp-content\/uploads\/2024\/01\/sara_garcia_3-768x502.jpg 768w\" sizes=\"auto, (max-width: 900px) 100vw, 900px\" \/><\/figure>\n\n\n\n<figure class=\"wp-block-image size-large\"><img loading=\"lazy\" decoding=\"async\" width=\"900\" height=\"638\" data-id=\"288\" src=\"https:\/\/donesdeciencia.webs.upv.es\/wp-content\/uploads\/2024\/01\/sara_garcia_4.jpg\" alt=\"\" class=\"wp-image-288\" srcset=\"https:\/\/donesdeciencia.webs.upv.es\/wp-content\/uploads\/2024\/01\/sara_garcia_4.jpg 900w, https:\/\/donesdeciencia.webs.upv.es\/wp-content\/uploads\/2024\/01\/sara_garcia_4-300x213.jpg 300w, https:\/\/donesdeciencia.webs.upv.es\/wp-content\/uploads\/2024\/01\/sara_garcia_4-768x544.jpg 768w\" sizes=\"auto, (max-width: 900px) 100vw, 900px\" \/><\/figure>\n\n\n\n<figure class=\"wp-block-image size-large\"><img loading=\"lazy\" decoding=\"async\" width=\"900\" height=\"638\" data-id=\"289\" src=\"https:\/\/donesdeciencia.webs.upv.es\/wp-content\/uploads\/2024\/01\/sara_garcia_5.jpg\" alt=\"\" class=\"wp-image-289\" srcset=\"https:\/\/donesdeciencia.webs.upv.es\/wp-content\/uploads\/2024\/01\/sara_garcia_5.jpg 900w, https:\/\/donesdeciencia.webs.upv.es\/wp-content\/uploads\/2024\/01\/sara_garcia_5-300x213.jpg 300w, https:\/\/donesdeciencia.webs.upv.es\/wp-content\/uploads\/2024\/01\/sara_garcia_5-768x544.jpg 768w\" sizes=\"auto, (max-width: 900px) 100vw, 900px\" \/><\/figure>\n<\/figure>\n\n\n\n<hr class=\"wp-block-separator has-alpha-channel-opacity is-style-wide\"\/>\n\n\n\n<div class=\"wp-block-columns is-layout-flex wp-container-core-columns-is-layout-9d6595d7 wp-block-columns-is-layout-flex\">\n<div class=\"wp-block-column is-layout-flow wp-block-column-is-layout-flow\" style=\"flex-basis:25%\"><\/div>\n\n\n\n<div class=\"wp-block-column is-layout-flow wp-block-column-is-layout-flow\" style=\"flex-basis:50%\">\n<div class=\"wp-block-group text-center has-blaubg-background-color has-background is-layout-constrained wp-block-group-is-layout-constrained\">\n<h2 class=\"wp-block-heading has-medium-font-size\">Artista: Yuda<\/h2>\n\n\n\n<ul class=\"wp-block-social-links is-content-justification-center is-layout-flex wp-container-core-social-links-is-layout-16018d1d wp-block-social-links-is-layout-flex\"><li class=\"wp-social-link wp-social-link-instagram  wp-block-social-link\"><a href=\"https:\/\/www.instagram.com\/yuda_gn\/?hl=es\" class=\"wp-block-social-link-anchor\"><svg width=\"24\" height=\"24\" viewBox=\"0 0 24 24\" version=\"1.1\" xmlns=\"http:\/\/www.w3.org\/2000\/svg\" aria-hidden=\"true\" focusable=\"false\"><path d=\"M12,4.622c2.403,0,2.688,0.009,3.637,0.052c0.877,0.04,1.354,0.187,1.671,0.31c0.42,0.163,0.72,0.358,1.035,0.673 c0.315,0.315,0.51,0.615,0.673,1.035c0.123,0.317,0.27,0.794,0.31,1.671c0.043,0.949,0.052,1.234,0.052,3.637 s-0.009,2.688-0.052,3.637c-0.04,0.877-0.187,1.354-0.31,1.671c-0.163,0.42-0.358,0.72-0.673,1.035 c-0.315,0.315-0.615,0.51-1.035,0.673c-0.317,0.123-0.794,0.27-1.671,0.31c-0.949,0.043-1.233,0.052-3.637,0.052 s-2.688-0.009-3.637-0.052c-0.877-0.04-1.354-0.187-1.671-0.31c-0.42-0.163-0.72-0.358-1.035-0.673 c-0.315-0.315-0.51-0.615-0.673-1.035c-0.123-0.317-0.27-0.794-0.31-1.671C4.631,14.688,4.622,14.403,4.622,12 s0.009-2.688,0.052-3.637c0.04-0.877,0.187-1.354,0.31-1.671c0.163-0.42,0.358-0.72,0.673-1.035 c0.315-0.315,0.615-0.51,1.035-0.673c0.317-0.123,0.794-0.27,1.671-0.31C9.312,4.631,9.597,4.622,12,4.622 M12,3 C9.556,3,9.249,3.01,8.289,3.054C7.331,3.098,6.677,3.25,6.105,3.472C5.513,3.702,5.011,4.01,4.511,4.511 c-0.5,0.5-0.808,1.002-1.038,1.594C3.25,6.677,3.098,7.331,3.054,8.289C3.01,9.249,3,9.556,3,12c0,2.444,0.01,2.751,0.054,3.711 c0.044,0.958,0.196,1.612,0.418,2.185c0.23,0.592,0.538,1.094,1.038,1.594c0.5,0.5,1.002,0.808,1.594,1.038 c0.572,0.222,1.227,0.375,2.185,0.418C9.249,20.99,9.556,21,12,21s2.751-0.01,3.711-0.054c0.958-0.044,1.612-0.196,2.185-0.418 c0.592-0.23,1.094-0.538,1.594-1.038c0.5-0.5,0.808-1.002,1.038-1.594c0.222-0.572,0.375-1.227,0.418-2.185 C20.99,14.751,21,14.444,21,12s-0.01-2.751-0.054-3.711c-0.044-0.958-0.196-1.612-0.418-2.185c-0.23-0.592-0.538-1.094-1.038-1.594 c-0.5-0.5-1.002-0.808-1.594-1.038c-0.572-0.222-1.227-0.375-2.185-0.418C14.751,3.01,14.444,3,12,3L12,3z M12,7.378 c-2.552,0-4.622,2.069-4.622,4.622S9.448,16.622,12,16.622s4.622-2.069,4.622-4.622S14.552,7.378,12,7.378z M12,15 c-1.657,0-3-1.343-3-3s1.343-3,3-3s3,1.343,3,3S13.657,15,12,15z M16.804,6.116c-0.596,0-1.08,0.484-1.08,1.08 s0.484,1.08,1.08,1.08c0.596,0,1.08-0.484,1.08-1.08S17.401,6.116,16.804,6.116z\"><\/path><\/svg><span class=\"wp-block-social-link-label screen-reader-text\">Instagram<\/span><\/a><\/li><\/ul>\n\n\n\n<p>Ubicaci\u00f3n: CEIP Cervantes. Pl. del Ej\u00e9rcito Espa\u00f1ol, 7. 46701 Gandia (Valencia)<\/p>\n\n\n\n<p><a href=\"https:\/\/donesdeciencia.webs.upv.es\/index.html#planol\">Plano<\/a><\/p>\n<\/div>\n<\/div>\n\n\n\n<div class=\"wp-block-column is-layout-flow wp-block-column-is-layout-flow\" style=\"flex-basis:25%\"><\/div>\n<\/div>\n\n\n\n<hr class=\"wp-block-separator has-alpha-channel-opacity is-style-wide\"\/>\n","protected":false},"featured_media":490,"menu_order":0,"template":"","class_list":["post-532","cientifiques","type-cientifiques","status-publish","has-post-thumbnail","hentry"],"acf":[],"_links":{"self":[{"href":"https:\/\/donesdeciencia.webs.upv.es\/es\/wp-json\/wp\/v2\/cientifiques\/532","targetHints":{"allow":["GET"]}}],"collection":[{"href":"https:\/\/donesdeciencia.webs.upv.es\/es\/wp-json\/wp\/v2\/cientifiques"}],"about":[{"href":"https:\/\/donesdeciencia.webs.upv.es\/es\/wp-json\/wp\/v2\/types\/cientifiques"}],"wp:featuredmedia":[{"embeddable":true,"href":"https:\/\/donesdeciencia.webs.upv.es\/es\/wp-json\/wp\/v2\/media\/490"}],"wp:attachment":[{"href":"https:\/\/donesdeciencia.webs.upv.es\/es\/wp-json\/wp\/v2\/media?parent=532"}],"curies":[{"name":"wp","href":"https:\/\/api.w.org\/{rel}","templated":true}]}}

Sara García Alonso

<div class="wp-block-columns is-layout-flex wp-container-core-columns-is-layout-9d6595d7 wp-block-columns-is-layout-flex">
<div class="wp-block-column is-layout-flow wp-block-column-is-layout-flow">
<div class="wp-block-columns are-vertically-aligned-center is-layout-flex wp-container-core-columns-is-layout-9d6595d7 wp-block-columns-is-layout-flex">
<div class="wp-block-column is-vertically-aligned-center is-layout-flow wp-block-column-is-layout-flow" style="flex-basis:33.33%">
<p class="has-text-align-center" id="playaudio"><strong><a href="#" rel="nofollow">Àudio descripció</a></strong></p>
</div>



<div class="wp-block-column is-vertically-aligned-center is-layout-flow wp-block-column-is-layout-flow" style="flex-basis:66.66%">
<figure class="wp-block-audio"><audio controls src="https://donesdeciencia.webs.upv.es/wp-content/uploads/2024/01/SARA-GARCIA-IN-OUT.mp3"></audio></figure>
</div>
</div>



<figure class="wp-block-image size-large"><img loading="lazy" decoding="async" width="833" height="1024" src="https://donesdeciencia.webs.upv.es/wp-content/uploads/2024/01/sara_garcia_p2-833x1024.jpg" alt="" class="wp-image-285" srcset="https://donesdeciencia.webs.upv.es/wp-content/uploads/2024/01/sara_garcia_p2-833x1024.jpg 833w, https://donesdeciencia.webs.upv.es/wp-content/uploads/2024/01/sara_garcia_p2-244x300.jpg 244w, https://donesdeciencia.webs.upv.es/wp-content/uploads/2024/01/sara_garcia_p2-768x945.jpg 768w, https://donesdeciencia.webs.upv.es/wp-content/uploads/2024/01/sara_garcia_p2.jpg 900w" sizes="auto, (max-width: 833px) 100vw, 833px" /></figure>



<figure class="wp-block-video"><video height="1080" style="aspect-ratio: 1920 / 1080;" width="1920" controls src="https://donesdeciencia.webs.upv.es/wp-content/uploads/2024/01/2023-07-03-ciencia-accesible-67571.mp4"></video></figure>



<figure class="wp-block-video"><video height="1080" style="aspect-ratio: 1920 / 1080;" width="1920" controls src="https://donesdeciencia.webs.upv.es/wp-content/uploads/2024/02/2024-02-16-ciencia-accesible-68282.mp4"></video></figure>



<figure class="wp-block-embed is-type-video is-provider-youtube wp-block-embed-youtube wp-embed-aspect-16-9 wp-has-aspect-ratio"><div class="wp-block-embed__wrapper">
<iframe loading="lazy" title="Entrevista Sara García Alonso (lengua de signos)" width="500" height="281" src="https://www.youtube.com/embed/aeZ-ltwE4FI?list=PLEXWGQ5mFUj8WNUOGN_6piJvuIjNC4sUS" frameborder="0" allow="accelerometer; autoplay; clipboard-write; encrypted-media; gyroscope; picture-in-picture; web-share" referrerpolicy="strict-origin-when-cross-origin" allowfullscreen></iframe>
</div></figure>
</div>



<div class="wp-block-column is-layout-flow wp-block-column-is-layout-flow">
<p>Sara García-Alonso es investigadora titular en el Centro Nacional de Investigaciones Oncológicas (CNIO) y miembro de la reserva de astronautas de la Agencia Espacial Europea (ESA). Se licenció en Biotecnología en la Universidad de León como la primera de su promoción, y obtuvo varios premios a la excelencia académica. Durante la carrera universitaria, se formó en varios laboratorios e hizo el máster en la especialidad de Biomedicina.</p>



<p>Posteriormente, se trasladó al Centro de Investigación del Cáncer (2013-2018), donde se doctoró cum laude en Biología Molecular del Cáncer y Medicina Translacional, y obtuvo el premio Extraordinario de Doctorado a la mejor tesis doctoral en Medicina, por la Universidad de Salamanca. Durante esta etapa, trabajó en la identificación de dianas terapéuticas y mecanismos de resistencia a fármacos en diferentes tipos de cáncer. El 2019, se unió en el laboratorio del Dr. Mariano Barbacid en el CNIO, donde ha realizado avances significativos en el estudio del adenocarcinoma de pulmón impulsado por el KRAS. Su trabajo está teniendo un gran impacto en la identificación de terapias dirigidas contra esta clase de cáncer.</p>



<p>En noviembre del 2022, Sara fue seleccionada –entre casi 23.000 persones candidatas– como astronauta de reserva del Cuerpo Europeo de Astronautas, y se convirtió en la primera mujer española a conseguirlo.</p>



<p>“Es el homenaje más bonito que me han hecho en toda mi vida. La emoción que sentí al ver el mural al llegar al colegio fue indescriptible, como lo fue también cada minuto que pasé con los niños y niñas del centro”. Así lo recuerda Sara García Alonso quién, durante la inauguración del mural, trasladó a todas las alumnas y alumnas un mensaje claro y lleno de esperanza: “Nunca, nunca, nunca dejáis de imaginar, de soñar, porque el futuro es vuestro, de cada una de vosotros y vosotras”.</p>
</div>
</div>



<figure class="wp-block-gallery has-nested-images columns-default is-cropped wp-block-gallery-1 is-layout-flex wp-block-gallery-is-layout-flex">
<figure class="wp-block-image size-large"><img loading="lazy" decoding="async" width="900" height="588" data-id="287" src="https://donesdeciencia.webs.upv.es/wp-content/uploads/2024/01/sara_garcia_3.jpg" alt="" class="wp-image-287" srcset="https://donesdeciencia.webs.upv.es/wp-content/uploads/2024/01/sara_garcia_3.jpg 900w, https://donesdeciencia.webs.upv.es/wp-content/uploads/2024/01/sara_garcia_3-300x196.jpg 300w, https://donesdeciencia.webs.upv.es/wp-content/uploads/2024/01/sara_garcia_3-768x502.jpg 768w" sizes="auto, (max-width: 900px) 100vw, 900px" /></figure>



<figure class="wp-block-image size-large"><img loading="lazy" decoding="async" width="900" height="638" data-id="288" src="https://donesdeciencia.webs.upv.es/wp-content/uploads/2024/01/sara_garcia_4.jpg" alt="" class="wp-image-288" srcset="https://donesdeciencia.webs.upv.es/wp-content/uploads/2024/01/sara_garcia_4.jpg 900w, https://donesdeciencia.webs.upv.es/wp-content/uploads/2024/01/sara_garcia_4-300x213.jpg 300w, https://donesdeciencia.webs.upv.es/wp-content/uploads/2024/01/sara_garcia_4-768x544.jpg 768w" sizes="auto, (max-width: 900px) 100vw, 900px" /></figure>



<figure class="wp-block-image size-large"><img loading="lazy" decoding="async" width="900" height="638" data-id="289" src="https://donesdeciencia.webs.upv.es/wp-content/uploads/2024/01/sara_garcia_5.jpg" alt="" class="wp-image-289" srcset="https://donesdeciencia.webs.upv.es/wp-content/uploads/2024/01/sara_garcia_5.jpg 900w, https://donesdeciencia.webs.upv.es/wp-content/uploads/2024/01/sara_garcia_5-300x213.jpg 300w, https://donesdeciencia.webs.upv.es/wp-content/uploads/2024/01/sara_garcia_5-768x544.jpg 768w" sizes="auto, (max-width: 900px) 100vw, 900px" /></figure>
</figure>



<hr class="wp-block-separator has-alpha-channel-opacity is-style-wide"/>



<div class="wp-block-columns is-layout-flex wp-container-core-columns-is-layout-9d6595d7 wp-block-columns-is-layout-flex">
<div class="wp-block-column is-layout-flow wp-block-column-is-layout-flow" style="flex-basis:25%"></div>



<div class="wp-block-column is-layout-flow wp-block-column-is-layout-flow" style="flex-basis:50%">
<div class="wp-block-group text-center has-blaubg-background-color has-background is-layout-constrained wp-block-group-is-layout-constrained">
<h2 class="wp-block-heading has-medium-font-size">Artista: Yuda</h2>



<ul class="wp-block-social-links is-content-justification-center is-layout-flex wp-container-core-social-links-is-layout-16018d1d wp-block-social-links-is-layout-flex"><li class="wp-social-link wp-social-link-instagram  wp-block-social-link"><a href="https://www.instagram.com/yuda_gn/?hl=es" class="wp-block-social-link-anchor"><svg width="24" height="24" viewBox="0 0 24 24" version="1.1" xmlns="http://www.w3.org/2000/svg" aria-hidden="true" focusable="false"><path d="M12,4.622c2.403,0,2.688,0.009,3.637,0.052c0.877,0.04,1.354,0.187,1.671,0.31c0.42,0.163,0.72,0.358,1.035,0.673 c0.315,0.315,0.51,0.615,0.673,1.035c0.123,0.317,0.27,0.794,0.31,1.671c0.043,0.949,0.052,1.234,0.052,3.637 s-0.009,2.688-0.052,3.637c-0.04,0.877-0.187,1.354-0.31,1.671c-0.163,0.42-0.358,0.72-0.673,1.035 c-0.315,0.315-0.615,0.51-1.035,0.673c-0.317,0.123-0.794,0.27-1.671,0.31c-0.949,0.043-1.233,0.052-3.637,0.052 s-2.688-0.009-3.637-0.052c-0.877-0.04-1.354-0.187-1.671-0.31c-0.42-0.163-0.72-0.358-1.035-0.673 c-0.315-0.315-0.51-0.615-0.673-1.035c-0.123-0.317-0.27-0.794-0.31-1.671C4.631,14.688,4.622,14.403,4.622,12 s0.009-2.688,0.052-3.637c0.04-0.877,0.187-1.354,0.31-1.671c0.163-0.42,0.358-0.72,0.673-1.035 c0.315-0.315,0.615-0.51,1.035-0.673c0.317-0.123,0.794-0.27,1.671-0.31C9.312,4.631,9.597,4.622,12,4.622 M12,3 C9.556,3,9.249,3.01,8.289,3.054C7.331,3.098,6.677,3.25,6.105,3.472C5.513,3.702,5.011,4.01,4.511,4.511 c-0.5,0.5-0.808,1.002-1.038,1.594C3.25,6.677,3.098,7.331,3.054,8.289C3.01,9.249,3,9.556,3,12c0,2.444,0.01,2.751,0.054,3.711 c0.044,0.958,0.196,1.612,0.418,2.185c0.23,0.592,0.538,1.094,1.038,1.594c0.5,0.5,1.002,0.808,1.594,1.038 c0.572,0.222,1.227,0.375,2.185,0.418C9.249,20.99,9.556,21,12,21s2.751-0.01,3.711-0.054c0.958-0.044,1.612-0.196,2.185-0.418 c0.592-0.23,1.094-0.538,1.594-1.038c0.5-0.5,0.808-1.002,1.038-1.594c0.222-0.572,0.375-1.227,0.418-2.185 C20.99,14.751,21,14.444,21,12s-0.01-2.751-0.054-3.711c-0.044-0.958-0.196-1.612-0.418-2.185c-0.23-0.592-0.538-1.094-1.038-1.594 c-0.5-0.5-1.002-0.808-1.594-1.038c-0.572-0.222-1.227-0.375-2.185-0.418C14.751,3.01,14.444,3,12,3L12,3z M12,7.378 c-2.552,0-4.622,2.069-4.622,4.622S9.448,16.622,12,16.622s4.622-2.069,4.622-4.622S14.552,7.378,12,7.378z M12,15 c-1.657,0-3-1.343-3-3s1.343-3,3-3s3,1.343,3,3S13.657,15,12,15z M16.804,6.116c-0.596,0-1.08,0.484-1.08,1.08 s0.484,1.08,1.08,1.08c0.596,0,1.08-0.484,1.08-1.08S17.401,6.116,16.804,6.116z"></path></svg><span class="wp-block-social-link-label screen-reader-text">Instagram</span></a></li></ul>



<p>Ubicación: CEIP Cervantes. Pl. del Ejército Español, 7. 46701 Gandia (Valencia)</p>



<p><a href="https://donesdeciencia.webs.upv.es/index.html#planol">Plano</a></p>
</div>
</div>



<div class="wp-block-column is-layout-flow wp-block-column-is-layout-flow" style="flex-basis:25%"></div>
</div>



<hr class="wp-block-separator has-alpha-channel-opacity is-style-wide"/>
